et d(g) = 79*g - 84. Determine d(6).
390
Let t(o) = -2067*o - 6192. What is t(-3)?
9
Let k(q) = -q**3 - 6*q**2 - 8*q + 15. What is k(-5)?
30
Let o(j) = j**2 - 11*j + 35. Give o(9).
17
Let t(o) = 64*o + 559. Calculate t(-6).
175
Let u(i) = 290*i - 62616. Calculate u(216).
24
Let l(a) = a**2 - 24*a - 113. What is l(-11)?
272
Let o(p) = -529*p - 139. Determine o(0).
-139
Let w(g) = g**2 - 18*g + 157. Give w(16).
125
Let h(b) = 7*b**2 - 431*b + 248. Determine h(61).
4
Let q(l) = 8*l**2 + 187*l + 25. Give q(-23).
-44
Let u(c) = -813*c - 4875. What is u(-6)?
3
Let d(m) = 794*m + 800. What is d(-1)?
6
Let t(d) = 5*d**3 - 5*d**2 + 12*d - 11. Calculate t(2).
33
Let p(t) = 7*t**3 - 106*t**2 + 18*t - 12. Determine p(15).
33
Let g(k) = -38*k**3 + 13*k**2 + 12*k. Determine g(-1).
39
Let l(c) = -106287*c - 425151. What is l(-4)?
-3
Let c(y) = y**3 - 2*y**2 - 118*y + 9. Give c(12).
33
Let d(k) = 229*k + 197. Determine d(-3).
-490
Let i(a) = -a - 21. What is i(2)?
-23
Let a(r) = r**3 + 19*r**2 + 23*r + 94. What is a(-18)?
4
Let q(i) = -3*i**3 + 24*i**2 + 26*i - 208. Calculate q(8).
0
Let i(g) = -2*g**3 + 189*g**2 - 635*g - 196. Determine i(91).
-14
Let a(t) = t**3 + 18*t**2 - 49*t - 44. Calculate a(-20).
136
Let w(c) = 1855*c - 1866. Give w(1).
-11
Let k(p) = -231*p + 229. Calculate k(1).
-2
Let y(l) = l**3 + 8*l**2 + 7*l - 14. What is y(-7)?
-14
Let f(y) = -119*y - 222. What is f(-2)?
16
Let o(r) = 28*r - 581. Give o(19).
-49
Let u(g) = -g**3 - 14*g**2 + 65*g + 1019. Calculate u(-13).
5
Let y(d) = 172*d + 1918. Calculate y(-11).
26
Let a(l) = -9746*l + 4. Calculate a(0).
4
Let f(d) = -3*d**2 - 90*d - 361. Determine f(-5).
14
Let d(k) = -k**3 + 6*k**2 + 19*k + 9. What is d(-3)?
33
Let g(m) = -56*m + 3694. Calculate g(66).
-2
Let o(r) = r**2 - 1135*r + 10102. Calculate o(9).
-32
Let j(r) = -r**3 - 12*r**2 - 18*r - 14. Calculate j(-2).
-18
Let x(v) = -139*v + 397. Determine x(3).
-20
Let l(d) = -22*d - 318. Determine l(-13).
-32
Let c(i) = 1462*i + 13168. What is c(-9)?
10
Let s(g) = -30*g**2 - g + 343. What is s(0)?
343
Let u(i) = i**3 + 17*i**2 - 471*i - 8162. Determine u(-18).
-8
Let d(q) = 42*q - 122. Determine d(6).
130
Let q(k) = 485*k + 15523. What is q(-32)?
3
Let u(a) = 2*a**3 - 17*a**2 - 7*a + 26. Give u(8).
-94
Let t(a) = -a**2 - 15*a + 43. What is t(-13)?
69
Let d(h) = h + 143. Give d(-35).
108
Let c(o) = -11*o**2 + 49*o - 381. What is c(7)?
-577
Let d(i) = i - 28. Give d(16).
-12
Let a(u) = 509*u - 80415. Give a(158).
7
Let b(v) = -3*v**2 + 26*v - 124. What is b(7)?
-89
Let j(x) = x**2 - 60*x + 598. Determine j(11).
59
Let f(g) = -g**3 + 15*g**2 + 89*g + 75. Determine f(-4).
23
Let h(g) = -13*g**2 - 108*g - 33. Give h(-8).
-1
Let g(j) = j**3 - 52*j**2 + 4*j - 211. Determine g(52).
-3
Let n(r) = -7*r**3 - 2*r**2 - 7*r + 12. What is n(0)?
12
Let n(d) = -d**3 + 12*d**2 + 9*d - 2. Give n(13).
-54
Let m(k) = k**3 - 30*k**2 - 110*k + 356. Determine m(33).
-7
Let v(d) = -87*d - 30. What is v(3)?
-291
Let k(o) = 5*o**2 + 16*o - 177. Determine k(-9).
84
Let a(b) = b**2 + 89*b - 1290. Give a(13).
36
Let j(c) = -97*c**2 + 8148*c. Determine j(84).
0
Let t(i) = i**2 + 21*i + 21. Determine t(-16).
-59
Let i(h) = -63*h**2 - 3010*h + 664. Calculate i(-48).
-8
Let f(d) = -3*d**2 - 167*d + 168. What is f(1)?
-2
Let d(j) = 255*j - 2299. Determine d(9).
-4
Let t(b) = b**3 + 43*b**2 + 80*b - 87. Give t(-41).
-5
Let n(g) = -161*g - 31068. Determine n(-193).
5
Let a(v) = 5*v**2 + 238*v - 329. Determine a(-49).
14
Let w(s) = 4*s**3 + 7*s**2 - s - 2. Determine w(-2).
-4
Let n(r) = -9*r**2 + 214*r - 196. What is n(23)?
-35
Let a(r) = 4*r**2 + 342*r + 824. Determine a(-83).
-6
Let w(u) = -u**3 - 13*u**2 - 36*u - 194. Determine w(-12).
94
Let i(h) = 69*h + 385. Give i(-6).
-29
Let v(f) = 162*f - 2441. What is v(15)?
-11
Let i(n) = 4*n**2 + 262*n + 1912. Determine i(-57).
-26
Let p(v) = -v**2 + 29*v - 80. Calculate p(28).
-52
Let u(y) = y**3 + 30*y**2 + 121*y - 23. What is u(-8)?
417
Let y(b) = -5*b**2 - 537*b + 5253. Give y(9).
15
Let v(y) = -y**3 - 170*y**2 - 176*y + 26865. Give v(-168).
-15
Let w(c) = 3*c**2 - 6*c - 8. What is w(-1)?
1
Let k(s) = 3*s - 104. Calculate k(-11).
-137
Let w(q) = -q**3 + 15*q**2 + 5*q - 20. Calculate w(13).
383
Let a(p) = -2*p**2 - 2*p + 12. Calculate a(0).
12
Let b(g) = 203*g - 47. What is b(-3)?
-656
Let c(s) = s**2 + 14*s - 1709. What is c(35)?
6
Let s(l) = -3*l**2 - 28*l - 94. Give s(-8).
-62
Let l(g) = 220*g - 3048. Calculate l(9).
-1068
Let c(f) = -f**2 + 36*f. Calculate c(35).
35
Let h(u) = 710*u - 14112. Determine h(20).
88
Let l(k) = 334*k - 2230. Calculate l(7).
108
Let w(j) = 6*j + 182. Give w(-12).
110
Let j(k) = -6*k**2 - 80*k - 99. What is j(-12)?
-3
Let o(w) = -4*w**3 - 2*w**2 + 3. What is o(2)?
-37
Let j(v) = -4*v**3 - 189*v**2 - 49*v - 116. Give j(-47).
-22
Let y(p) = -2*p**2 + 3*p - 12. Calculate y(14).
-362
Let z(m) = -m**2 - 31*m - 223. What is z(-17)?
15
Let a(m) = -m**3 + 46*m**2 + 38*m + 66. Calculate a(47).
-357
Let v(r) = -10*r**3 + 100*r**2 + 40*r - 404. What is v(10)?
-4
Let p(h) = -4*h**2 - 34*h - 192. Calculate p(-12).
-360
Let j(m) = 35*m - 24. Determine j(1).
11
Let o(h) = -11*h**2 + 13*h - 30. Calculate o(3).
-90
Let x(k) = 75*k + 336. Determine x(-5).
-39
Let d(p) = 7*p**2 - 453*p + 462. Give d(1).
16
Let h(d) = 1243*d - 29825. Calculate h(24).
7
Let g(d) = -3*d**3 - 70*d**2 - 13*d + 230. What is g(-23)?
0
Let k(w) = -2*w**2 - 139*w - 8. Calculate k(-70).
-78
Let h(p) = p**2 + 54*p + 651. Give h(-41).
118
Let j(k) = -2273*k - 18174. Determine j(-8).
10
Let y(n) = -n**3 + 7*n**2 + 10*n - 46. What is y(4)?
42
Let h(s) = 4*s - 121. Calculate h(13).
-69
Let f(i) = -10*i**2 + 26*i - 5. Determine f(-4).
-269
Let t(w) = 6*w**3 + 12*w**2 + 12*w + 1. Give t(-3).
-89
Let r(x) = x**3 + 81*x**2 + 646*x - 10. Determine r(-9).
8
Let b(j) = 2*j**3 + 9*j**2 - 6*j - 38. What is b(-3)?
7
Let w(p) = p**3 - 8*p**2 + 5*p - 3. Give w(7).
-17
Let m(c) = c**2 + 236*c + 1150. What is m(-5)?
-5
Let v(t) = -24*t - 1274. Give v(-53).
-2
Let t(o) = 2*o**2 + 74*o + 60. Determine t(-35).
-80
Let d(t) = -2*t**2 - 42*t + 102. Give d(-24).
-42
Let b(u) = -2*u**3 + 64*u**2 + 122*u + 492. Calculate b(34).
16
Let j(h) = 986*h + 64086. Give j(-65).
-4
Let l(r) = r**2 - 78*r - 4388. Calculate l(-38).
20
Let v(w) = -w**3 - 44*w**2 + 50*w + 141. Calculate v(-45).
-84
Let x(f) = 5*f**2 + 5*f - 27. What is x(-6)?
123
Let h(w) = -16*w + 481. What is h(24)?
97
Let n(l) = 11*l**3 + l**2 + 67*l + 67. What is n(-1)?
-10
Let k(z) = 48*z**2 + 32*z - 4. What is k(0)?
-4
Let m(l) = -3*l**2 + 55. What is m(0)?
55
Let i(d) = 3*d**3 - 66*d**2 + 286*d + 9. What is i(16)?
-23
Let z(t) = 843*t + 3368. What is z(-4)?
-4
Let b(g) = g**2 + 128*g + 1387. What is b(-12)?
-5
Let w(i) = 2*i**3 + 16*i**2 - 442*i - 3819. Calculate w(-9).
-3
Let m(j) = -967*j - 973. What is m(-1)?
-6
Let o(s) = -s**3 - 51*s**2 + 117*s + 194. Calculate o(-53).
-389
Let o(i) = -i**3 - 32*i**2 - 187*i + 76. Give o(-24).
-44
Let f(o) = o**3 - 108*o**2 + 314*o + 100. Determine f(105).
-5
Let f(r) = r**3 - 10*r**2 - 32*r + 83. Determine f(12).
-13
Let s(r) = -200*r + 15584. Determine s(78).
-16
Let f(j) = j**3 + 11*j**2 + 6*j - 69. Give f(-11).
-135
Let d(n) = -60*n**3 + 6*n**2 + 12*n + 5. Give d(-1).
59
Let s(h) = -156*h + 5622. What is s(36)?
6
Let a(m) = -6*m**2 - 92*m - 356. Give a(-5).
-46
Let h(g) = 2*g**3 + 36*g**2 + 58*g - 115. Calculate h(-16).
-19
Let m(p) = -4*p**2 + 114*p - 111. Calculate m(25).
239
Let j(u) = 33*u + 134. Give j(-5).
-31
Let j(m) = -7*m**2 - 153*m + 971. What is j(6)?
-199
Let x(u) = -14276*u - 85643. Determine x(-6).
13
Let g(d) = -d**3 - 35*d**2 + 73*d - 52. What is g(-37)?
-15
Let f(y) = -4950*y - 59407. Determine f(-12).
-7
Let x(k) = 3*k**2 + 649*k - 443. Give x(-217).
-9
Let t(j) = -190*j - 776. Calculate t(-4).
-16
Let k(w) = -7*w**2 - 99*w - 465. Determine k(-5).
-145
Let s(l) = -l**2 + 8*l + 15. Give s(-5).
-50
Let x(s) = 484*s - 81804. Give x(169).
-8
Let x(y) = -45*y + 181. What is x(7)?
-134
Let n(u) = u**3 + 6*u**2 - 52*u + 54. What is n(4)?
6
Let x(k) = 8*k**3 - 41*k**2 + 10*k + 2. Calculate x(5).
27
Let s(i) = i**3 - 91*i**2 + 574*i + 97. What is s(7)?
-1
Let d(o) = -o**3 + 2*o**2 + 98. Determine d(0).
98
Let z(q) = 3*q**3 - 11*q**2 - 12*q + 102. Give z(5